late -1 + 0 + (-21 - (-22 + -9 + 0)) - 4.
5
What is the value of 1226 - 1188 - (10 - -40)?
-12
What is -132 - ((-82 - 24) + 33)?
-59
-107 - (-7 + -132) - -17
49
What is -3 + (-6 - -8) - (10 + -1 + (-16 - 3))?
9
36 + 2 + (-11 - (-80 - -68))
39
Calculate (0 - 8) + -50 + (11 - (5 - 1)).
-51
Calculate (-68 + 68 - -13) + -40.
-27
Evaluate -110 + 4 + (-16 + 11 - -26).
-85
Evaluate 60 - (-13 - (3 + (-8 + (-9 - -13) - 5))).
67
What is the value of (-1 - -4) + (-6474 - -6473)?
2
Evaluate 514 + -560 - (0 + 0 + -22).
-24
Calculate (667 - 657) + -46 + 2 + (9 - 5 - 0).
-30
What is the value of -15 - (-1 + 7 + -7 + -3 - 3) - 11?
-19
What is the value of 10 + (-20 - ((33 - 0) + 36))?
-79
Calculate 9 - (-15 - -33) - (2 + -4).
-7
What is (2 - 1) + (4 - (11 - -4 - -4))?
-14
What is 27 - -3 - (232 + -242)?
40
Evaluate -51 + 5 + -30 + -10 + 33.
-53
What is -13 + 32 - (4 - -5) - (-1 + 24)?
-13
What is (-10 - -100 - -12) + (-2 + 16 + 3 - 6)?
113
What is -82 + 11 + (31 - 94 - -38)?
-96
Evaluate 33 + 3 + (7 - (-6 - -15 - (-4 + 16))).
46
Calculate (6 + (7 - -4 - 22) - (16 - 0)) + 10.
-11
-145 - (-61 + -14 + 21)
-91
Calculate 33 - (29 - -38) - -7 - -128.
101
Evaluate 2 - 40 - (-32 + (38 - 24)).
-20
What is (7 - -6) + (0 + -5 - -2) - (60 + -60)?
10
Calculate -102 + ((-25 - -19) + 3 - -47).
-58
Calculate 1 + (-62 - -12) + 20 - (0 + -5).
-24
What is -59 + 84 - (-5 - (19 - 21))?
28
10 + -2 - (-160 + -1 + 182)
-13
What is the value of (-18 - -14) + 40 - 64?
-28
4 + 2 + -2 + (-202 - -185)
-13
What is -15 - (1 + -12 - 11) - -24?
31
Evaluate -17 + -17 - -17 - (-5 + 25).
-37
What is -45 + 1 + 1 - ((103 - 158) + 43)?
-31
What is (-79 + -52 - -53) + 77?
-1
Evaluate (157 - 151) + (4 - 6) - 135.
-131
12 + 141 - (25 + (-7 - -12 - 13))
136
What is 12 + -11 - (9 + -16 + 9) - 50?
-51
What is 20 + 30 + -46 - (6 + (-1 - -4))?
-5
Evaluate (-89 - -35) + 19 + 0.
-35
What is -12 + 74 + -127 + 63?
-2
Calculate (31 - (-42 - -15)) + (7 + 1 - (-7 + 6)).
67
-78 + 85 + -73 + 117
51
What is the value of -2 + -9 + (-14 + 24 - 10 - -20)?
9
What is the value of -2 - 145 - -240 - (1 + 0 + -2 + 14)?
80
7 - (14 - (0 - -33) - 50) - 1
75
Evaluate (-15 - (-21 - 1)) + 25 + -36 - 98.
-102
What is 23 + 4 + -4 - ((-188 - -104) + -30)?
137
What is 108 + -96 - ((-1 - 1) + (-12 - -43) - -3)?
-20
What is 10 + 4 + -3 + (0 - 2) - (-149 + 98)?
60
Evaluate -4 + 102 + (-1 - 18) + -5 + -12.
62
Evaluate -29 + 1 + -55 + 90.
7
Calculate -13 + (23 - (-7 + -11)) + -5.
23
What is the value of 148 + (-62 - 68) + 95?
113
Evaluate 9 + -1 + -20 - 2 - (1 + 5 + -2).
-18
-37 + 16 + 12 + 66
57
Calculate -4 - (21 + -16 + -1 + -1 + -1).
-6
2 + -91 - (-1 + 10 + -43 + 39)
-94
Calculate 122 - (-13 + 2 - ((-9 - -11) + -33)).
102
Calculate 18 + 0 + 21 + (-10 + -41 - -15).
3
What is the value of 16 - 43 - (19 + 5 + -13)?
-38
What is the value of 48 + (-26 + 27 - 16) - 72?
-39
Evaluate (-147 - (99 - 232)) + (-11 - (-1 - -2)).
-26
What is the value of 10 + (-34 - (-12 - -12)) + -1 + 9?
-16
Evaluate (0 + -4 - -65) + 18 + -14 + -3 + -15.
47
Evaluate -46 - -6 - (-271 - -242).
-11
What is the value of 52 + (-4 - (43 + -11)) + -10?
6
(40 - (103 + -16)) + -2
-49
230 + -86 + -11 - 67
66
11 - -16 - 0 - -11
38
What is 8 - (-4 + 2) - (1429 + -1460)?
41
Evaluate 2 + 1 + 24 + -19 - (-2 + 51 + 2).
-43
What is 60 + (-88 - -51) + 4 + 9?
36
Evaluate (14 - -21) + 7 + -58.
-16
What is (7 - (7 - -99)) + 50?
-49
Evaluate -39 - (-40 + -32 + 67).
-34
What is (29 - (-3 + 37)) + 2 + 14?
11
Calculate -38 + 16 + -24 + -7 - -11.
-42
Calculate (2 - 10) + (-1 - (14 + -12)) + 104 + -46.
47
What is the value of -4 + 2 + 24 + -24 + -5 + 18?
11
Evaluate -56 + 57 + -40 + (3 - 6).
-42
What is the value of -10 + (43 - 27) + -45?
-39
What is the value of -4618 + 4760 + 0 + (-21 - -1) - -1?
123
What is the value of (-34 - (-57 + 37)) + 9 + -5 + 54?
44
Calculate -25 - 2 - (0 - (7 + 6 + -9 - -9)).
-14
What is the value of 26 + 81 + -385 + 155?
-123
What is the value of 3098 + -3126 - (-1 - 57)?
30
Calculate -16 + 17 - 83 - -20 - (-3 - 4).
-55
Evaluate 20 - -6 - (21 + -13 + 3).
15
What is (-1 - -7) + (313 - 250) + 0 + -17 + -1?
51
-51 - -54 - (15 - (3 + 2)) - -9
2
2 + (-37 - (-65 - -37)) + 4
-3
-35 - (51 + (-49 - 66))
29
What is the value of 56 + (-15 - -25 - 20) - -16?
62
(28 + -31 + -1 + -1 - -34) + -13
16
Evaluate 1 - 75 - (-14124 + 14065).
-15
What is the value of -14 - (9 - (12 + -2))?
-13
What is the value of -4492 - -4414 - (-37 + -1)?
-40
What is -88 + (-3 - -59) - (9 - 75)?
34
What is 28 + 5 + -3 + 15 + -2 + -21?
22
Calculate -7 - (0 + -19 - (-1559 - -1585)).
38
-9 + 0 + -2 + 22 - 21
-10
Calculate 4 - (69 + (-89 - -138)).
-114
What is 46 + -98 + 32 - -46?
26
What is the value of -55 + (-1 - -8 - (0 + -1 + (193 - 185)))?
-55
Calculate -5 + -78 - (-379 + 236).
60
What is (12 + -2 - (-1 - -2)) + (5218 - 5218) - -52?
61
What is -63 - ((8 - (-82 - -74 - (-10 + 1))) + 4)?
-74
104 + -87 + (-31 - 5) + -26
-45
What is 14 + ((-14 - -1) + 30 - 1)?
30
(7 + 8 - -6 - (126 - 94)) + 23
12
Calculate -47 - -77 - -4 - (-6 + 27).
13
39 + (88 - (33 + 39))
55
What is -170 + (84 - (-80 - -44))?
-50
Calculate -74 - (-119 - (-27 - 77)).
-59
Calculate 11 - (86 + -57) - -36.
18
Evaluate -99 + 115 + -2 + -4 + 19 + (6 - 16).
19
What is the value of -71 - -8 - (-2 + -4 + -2) - (5 + -13)?
-47
Evaluate 1 - (-1 + -34) - ((240 - 241) + 2 + -9).
44
Calculate 2418 + -2363 + 4 + 1 + -17.
43
What is (-2 - 2) + (-4 - -15) - (67 + -33 + -44)?
17
What is the value of 92 - (97 - 50) - 34?
11
What is 15 + 1 - (294 - 299 - (-6 - -1))?
16
Evaluate (-1 - 59) + (131 + -127 - ((-7 - -7) + -3)).
-53
What is the value of 19 + (13 - ((23 - 19) + 4 + -1))?
25
What is (-9 - -1) + -140 + -84 + 241?
9
What is the value of 2 - (3 - (-12 - -13)) - (-52 + 7)?
45
What is the value of -11 + -6 + (196 - 47) + 15 + 2?
149
Evaluate -122 - (-102 + 58 - -12).
-90
Evaluate 80 - (-41 + 22 - (2 + (-20 - 1))).
80
(0 - 29) + (31 - (18 + -2 + 6))
-20
38 - ((-189 - -171) + (11 - 1) + 18)
28
-8 + (-6 - (8 + -8)) + -4 + -12
-30
What is -30 - ((-21 - -38 - 18) + 23)?
-52
Calculate 10 + 2 + (-11 + 22 + 19 - 40).
2
96 + -2 + (10 - 108)
-4
-24 + (-108 - -29) + 82
-21
Evaluate 5 + -2 + 27 + -19 - 28.
-17
Calculate -1 + 2 + 8 + -94 + (-1 - -88) + -80.
-78
Calculate -72 + -71 + 27 + 25.
-91
Evaluate 50 - (-10 + (-2 - 2) + 11 + 7).
46
What is -17 - (0 + -56 - 23)?
62
111 - 2 - (3 + -37 + 45)
98
Evaluate -55 + 25 - (-2 + 6 + -5).
-29
What is the value of -107 + -34 + 45 + 30?
-66
(272 - -198 - 468) + (-1 - 0 - -69)
70
What is the value of 161 + -53 + 5 + -47?
66
What is -28 + 57 + -38 + (-43 + -5 - -4)?
-53
What is (7 - 1) + (8 - 45) + 38 - (-74 + 7)?
74
Calculate -3 + -98 + (-9 - (-247 - -247 - (-2 - -9))).
-103
Calculate (-5 - 8) + -13 + 1 + (-4 - -5).
-24
What is 1 - (-2 - -1) - -5 - (10 + 36 + -101)?
62
Calculate (-88 - -36) + (16 + (-1 - 4) - 5) + -4.
-50
Calculate -10 + (-6 - -2) + (54 - (-26 + 17)).
49
((-2 - -3) + 1 - 42) + -7511 + 7529
-22
Evaluate 29 + -100 + -39 + 63 + 8.
-39
Evaluate 5 + 33 + (406 - 440) + 112.
116
Evaluate -104 + (-140 - 5) + 379.
130
What is -5 - (-1 - 0) - (38 - 32 - -7 - 28)?
11
What is the value of 4882 - 5136 - (-115 - 0)?
-139
11149 + -11250 + (3 - (0 + (0 - -2))) + -2
-102
Evaluate (13 + -9 + 5 + -16 - -9) + 50 + -13.
39
What is the value of (-1 - 5 - 24) + (-109 - -123)?
-16
What is (-13 - 7 - -95) + -24?
51
Evaluate 9 + (10 + -35 + 22 - 8) + -71.
-73
Evaluate 1 - -12 - ((188 - 136) + 4).
-43
What is -32 - (-85 - (113 - 97))?
69
What is (3 - (7 + (2 - -3))) + -35 + (0 - 0)?
-44
Calculate 1 - -1 - (-530 + 425).
107
What is (1 - -3) + (-51 - (14 - 24)) + -9?
-46
Calculate -8 - (-2 - (23 - 10)) - 56.
-49
What is the value of -11 + (-12 - (17 + 84))?
-124
What is the value of (-7 - ((-8 - (1 - 8)) + -7)) + 3 + 47?
51
Evaluate -16 + -4 + -2 + 15 - (36 + -4).
-39
What is the value of 1 - (1 + 0) - (5 - -2)?
-7
Evaluate (4 + -6 - (3 - 5)) + -47 + (-9 - -5).
-51
Calculate 5 - (17 - 4) - (-115 - -71).
36
-25 + 0 - (-16 + (-23 - -50) + -5)
-31
What is -4 + (2 - (-8 - -4)) + (3 - (13 - 5))?
-3
What is the value of ((-20 - -2) + 4 - (15 + -9)) + 100?
80
What is the value of (8 - (0 + 10)) + -62 + 49?
-15
(28 - 2) + 75 + (1 - 48)
54
Evaluate 6 + (-3 - (0 + 1 - 8)) + 49 + 7.
66
Evaluate 95 + -56 - 38 - (3 + (-12 - -6) - -106).
-